tor of 1103800866?
True
Is 18 a factor of 38593972?
False
Is 18 a factor of 373854726?
True
Is 695574040 a multiple of 17?
True
Does 16 divide 1836789125?
False
Does 15 divide 1309249200?
True
Is 315551110 a multiple of 1190?
True
Does 49 divide 54500593?
True
Does 2444 divide 129637092?
True
Is 1792963390 a multiple of 4255?
True
Is 16 a factor of 57099840?
True
Does 466 divide 3892350?
False
Is 49012372 a multiple of 12?
False
Is 478 a factor of 151504088?
False
Does 251 divide 167064312?
False
Is 370130828 a multiple of 38?
False
Is 55 a factor of 26351870?
False
Is 194 a factor of 42808629?
False
Is 19 a factor of 11458812?
False
Is 6 a factor of 386316218?
False
Is 3593202811 a multiple of 16?
False
Is 117 a factor of 251035075?
False
Is 42057938 a multiple of 598?
True
Is 469117903 a multiple of 7101?
False
Is 36188737 a multiple of 23?
False
Is 4341599 a multiple of 9?
False
Does 4155 divide 2994807660?
True
Does 2 divide 169142606?
True
Is 16 a factor of 16983504?
True
Is 2 a factor of 17654774?
True
Is 84 a factor of 173924772?
True
Is 87 a factor of 615857340?
True
Is 92261222 a multiple of 28?
False
Is 14 a factor of 98296800?
True
Is 11 a factor of 5357585?
False
Is 51503945 a multiple of 5?
True
Does 955 divide 918043000?
False
Is 7 a factor of 4386452?
True
Does 26 divide 7157061?
False
Is 56 a factor of 314781166?
False
Is 4364382405 a multiple of 15?
True
Is 1176191837 a multiple of 10?
False
Is 94959404 a multiple of 2819?
False
Is 47093200 a multiple of 278?
True
Does 2544 divide 394903857?
False
Does 3112 divide 125664203?
False
Is 13399428 a multiple of 388?
False
Is 91 a factor of 198932560?
False
Does 22 divide 1617298632?
False
Is 11151134 a multiple of 1147?
True
Does 87 divide 9049507?
False
Is 91107665 a multiple of 47?
False
Is 696 a factor of 220632?
True
Is 37148405 a multiple of 2771?
False
Is 94781 a multiple of 11?
False
Is 100 a factor of 141124000?
True
Is 194 a factor of 20288078?
False
Does 19 divide 3015139431?
True
Is 44 a factor of 27353700?
True
Does 952 divide 3669490664?
True
Does 19 divide 65235740?
True
Is 964997479 a multiple of 24?
False
Does 157 divide 949222?
True
Is 3 a factor of 1297601?
False
Is 2373144375 a multiple of 5283?
False
Is 22472425 a multiple of 4616?
False
Does 36 divide 697517926?
False
Is 27318803 a multiple of 211?
True
Is 1065192154 a multiple of 26?
True
Is 6 a factor of 145393968?
True
Does 2347 divide 190177410?
True
Is 88 a factor of 354365075?
False
Is 4620 a factor of 95338320?
True
Does 5822 divide 112446108?
True
Is 4169 a factor of 2472000212?
True
Does 376 divide 71922784?
True
Does 973 divide 2106011035?
False
Is 10025889 a multiple of 25?
False
Is 375 a factor of 42039887?
False
Is 2497723352 a multiple of 10?
False
Is 16 a factor of 183055496?
False
Does 23 divide 128800613?
False
Is 23360874 a multiple of 6?
True
Does 954 divide 90233136?
True
Is 1493227073 a multiple of 8658?
False
Is 24 a factor of 25974840?
True
Is 75045602 a multiple of 659?
True
Is 146 a factor of 100785990?
True
Is 87380194 a multiple of 67?
True
Does 26 divide 42307954?
True
Is 2146321084 a multiple of 271?
True
Does 226 divide 769556216?
True
Does 4818 divide 2672375970?
True
Does 12 divide 2686256196?
True
Does 144 divide 87025968?
True
Is 37760331 a multiple of 230?
False
Does 167 divide 14087665?
False
Is 11 a factor of 59245295?
False
Does 64 divide 82208128?
True
Is 239 a factor of 1279206093?
False
Is 228471474 a multiple of 33?
True
Is 323 a factor of 10425148?
True
Does 1846 divide 54169024?
True
Is 21180561 a multiple of 6?
False
Is 8 a factor of 88452270?
False
Is 82 a factor of 36629818?
False
Is 82910095 a multiple of 278?
False
Is 2 a factor of 137976663?
False
Does 10 divide 3905431580?
True
Is 67054075 a multiple of 545?
True
Is 231 a factor of 17689056?
True
Does 2884 divide 215596304?
True
Is 38209325 a multiple of 385?
True
Is 366914428 a multiple of 85?
False
Is 405 a factor of 34428813?
False
Does 712 divide 1887205128?
True
Is 209 a factor of 35446151?
False
Is 1076688907 a multiple of 6885?
False
Is 2390732 a multiple of 4?
True
Does 137 divide 83593427?
True
Does 36 divide 162657612?
True
Does 5257 divide 354568277?
False
Is 17874752 a multiple of 18?
False
Is 9 a factor of 993030354?
True
Does 8 divide 3275704083?
False
Is 7 a factor of 60523074?
False
Does 1116 divide 42948144?
True
Does 875 divide 18832876?
False
Is 30 a factor of 5070870?
True
Is 45 a factor of 25591574?
False
Is 15 a factor of 2023100145?
True
Does 15 divide 6730305?
True
Does 217 divide 15318663?
False
Is 672 a factor of 8481984?
True
Is 881827809 a multiple of 1015?
False
Is 5236145 a multiple of 5?
True
Is 2568445 a multiple of 67?
True
Is 4050124770 a multiple of 524?
False
Does 83 divide 2338924269?
False
Is 5477931041 a multiple of 11?
True
Is 6161 a factor of 46392330?
True
Is 9557130 a multiple of 66?
True
Is 19032 a factor of 251526912?
True
Is 24909498 a multiple of 2?
True
Is 23493626 a multiple of 254?
False
Is 21314952 a multiple of 18?
True
Does 117 divide 443123949?
False
Does 188 divide 2271778840?
True
Does 19 divide 252008708?
False
Is 30 a factor of 169592340?
True
Is 7 a factor of 63536036?
False
Does 40 divide 12993440?
True
Is 6 a factor of 15594882?
True
Is 13700 a factor of 5540301349?
False
Does 892 divide 73584351?
False
Is 48667019 a multiple of 59?
False
Is 1403 a factor of 2333933993?
True
Is 611 a factor of 230577347?
True
Does 3 divide 2761185?
True
Is 482623272 a multiple of 570?
False
Does 2 divide 3819608?
True
Is 10301628 a multiple of 12?
True
Is 29486830 a multiple of 10?
True
Does 12 divide 117774132?
True
Is 394 a factor of 47649173?
False
Does 1411 divide 530640310?
False
Is 945 a factor of 1006774650?
True
Is 978 a factor of 3438648?
True
Is 1771 a factor of 125385029?
True
Is 425419555 a multiple of 4103?
True
Is 566 a factor of 16746242?
True
Is 440851546 a multiple of 182?
False
Does 109 divide 28131810?
True
Is 2358 a factor of 980199378?
True
Is 509 a factor of 14451409?
False
Is 95 a factor of 1021320225?
False
Is 95 a factor of 2869760?
True
Is 136 a factor of 490199704?
False
Is 6 a factor of 13155016?
False
Does 18 divide 3721419?
False
Is 294 a factor of 3356602?
False
Does 49 divide 1533926509?
False
Does 44 divide 611664812?
True
Does 273 divide 168299859?
True
Is 5 a factor of 255957845?
True
Is 111 a factor of 3089576997?
True
Is 21 a factor of 398346480?
True
Is 27175393 a multiple of 3659?
True
Is 42 a factor of 147717251?
False
Does 834 divide 161963634?
True
Is 1647904014 a multiple of 18?
True
Is 16785436 a multiple of 180?
False
Is 1282 a factor of 76290538?
True
Does 4 divide 85003459?
False
Does 472 divide 33984000?
True
Is 3042956391 a multiple of 4301?
False
Is 856 a factor of 45942376?
True
Is 127972872 a multiple of 408?
True
Does 155 divide 5301310?
True
Is 39581724 a multiple of 268?
True
Is 251 a factor of 541156?
True
Does 204 divide 1282757100?
True
Is 27832244 a multiple of 201?
False
Is 440 a factor of 33629200?
True
Does 4817 divide 1156799992?
False
Is 1009 a factor of 129547913?
False
Is 432 a factor of 32257872?
True
Is 45870494 a multiple of 241?
True
Does 1014 divide 31654038?
True
Is 26014572 a multiple of 1314?
True
Is 19121596 a multiple of 95?
False
Does 4 divide 46982200?
True
Is 6276798 a multiple of 31?
False
Does 367 divide 3010428?
False
Is 1306247045 a multiple of 4060?
False
Is 8120213 a multiple of 21?
False
Is 1940 a factor of 566113340?
True
Is 12 a factor of 92843832?
True
Is 13 a factor of 168870958?
False
Does 8 divide 45673384?
True
Is 33 a factor of 114604649?
False
Is 846 a factor of 9497984?
False
Is 2020016362 a multiple of 302?
False
Is 9 a factor of 56493549?
True
Is 3986028220 a multiple of 1636?
False
Does 774 divide 356324584?
False
Is 4062 a factor of 27142284?
True
Is 21975930 a multiple of 115?
False
Is 3117090 a multiple of 200?
False
Does 101 divide 125906196?
True
Does 290 divide 47989824?
False
Is 4 a factor of 13659620?
True
Does 1233 divide 203214566?
False
Is 107 a factor of 881018903?
False
Does 5 divide 359322585?
True
Does 3477 divide 74711317?
False
Is 26 a factor of 38382031?
False
Does 417 divide 349272945?
True
Is 2 a factor of 1400849?
False
Is 10 a factor of 3937371